{"id":119,"date":"2020-01-20T18:03:44","date_gmt":"2020-01-20T18:03:44","guid":{"rendered":"https:\/\/sursum.corda.netlib.re\/?page_id=119"},"modified":"2020-01-20T18:07:52","modified_gmt":"2020-01-20T18:07:52","slug":"animation-contacts","status":"publish","type":"page","link":"https:\/\/www.sursum-corda.be\/?page_id=119","title":{"rendered":"Animation &#038; Contacts"},"content":{"rendered":"\n<p> Pour mieux vous satisfaire lors de votre manifestation, nous vous demandons : <\/p>\n\n\n\n<figure class=\"wp-block-image is-resized\"><img loading=\"lazy\" decoding=\"async\" src=\"https:\/\/sursum-corda.be\/images\/titres\/surfaceevolution.gif\" alt=\"surface evolution\" width=\"175\" height=\"40\"\/><\/figure>\n\n\n\n<p>Il sera fourni par le client&nbsp;:<\/p>\n\n\n\n<ul class=\"wp-block-list\"><li> sauf accord \u00e9crit, une surface de prestation couverte , de 8m x \n4m de type podium sur\u00e9lev\u00e9 avec plancher\/rev\u00eatement au sol, stable <\/li><li> une surface nette d\u2019environ 12 m x 5 m, \u00e0 c\u00f4t\u00e9 de la surface de \nprestation, afin d\u2019installer tout le mat\u00e9riel utile \u00e0 la prestation \ndemand\u00e9e (remorque, intendance, etc\u2026) <\/li><li> c\u00e2blage \u2013 voltage \u2013 amp\u00e9rage ad\u00e9quats en cas de prestation sonoris\u00e9e avec jeux de lumi\u00e8re <\/li><li>un acc\u00e8s ais\u00e9 pour nos divers v\u00e9hicules et remorque, \u00e0 c\u00f4t\u00e9 de la \nsurface d&rsquo;\u00e9volution pour permettre le chargement et d\u00e9chargement de \nnotre mat\u00e9riel <\/li><li> lors d\u2019\u00e9volution nocturne une surface correspondant \u00e0 <\/li><li> 4 tonnelles de 3 x 3 m (ou \u00e9quivalent) seront n\u00e9cessaires \u00e0 la protection du mat\u00e9riel et des percussionnistes <\/li><li>Nous avons besoin d&rsquo;une heure afin de monter notre mat\u00e9riel et \nd&rsquo;effectuer les divers essais sons. Nous demandons \u00e9galement le m\u00eame \ntemps pour le d\u00e9montage <\/li><\/ul>\n\n\n\n<figure class=\"wp-block-image is-resized\"><img loading=\"lazy\" decoding=\"async\" src=\"https:\/\/sursum-corda.be\/images\/titres\/restaurationsurplace.gif\" alt=\"restauration sur place\" width=\"188\" height=\"40\"\/><\/figure>\n\n\n\n<ol class=\"wp-block-list\"><li> Lors de la prestation d\u2019une journ\u00e9e compl\u00e8te sur place ( sans feu\n d\u2019artifice ou prestation nocturne )&nbsp;:  Un repas de midi, avec une \nboisson par personne, pour un total  d\u2019environ 13 personnes. <\/li><li>Lors de la prestation d\u2019une journ\u00e9e sur place ( avec feu \nd\u2019artifice ou autre animation en soir\u00e9e ou nocturne )&nbsp;:  Un repas de \nmidi et du soir (dont un repas chaud) avec une boisson par personne, \npour un total d\u2019environ 13 personnes <\/li><li> Lors de la prestation de deux journ\u00e9es sur place avec ou sans \nmanifestation nocturne ou feu d\u2019artifice :  Un repas de midi et du soir \n(dont un repas chaud) avec une boisson par repas et par personne, par \njour et par repas, pour un total d\u2019environ 13 personnes  <\/li><\/ol>\n\n\n\n<figure class=\"wp-block-image is-resized\"><img loading=\"lazy\" decoding=\"async\" src=\"https:\/\/sursum-corda.be\/images\/titres\/sabam.gif\" alt=\"Sabam\" width=\"72\" height=\"40\"\/><\/figure>\n\n\n\n<p>Lors d\u2019une prestation de quelle que nature que ce soit, \nl\u2019organisateur s\u2019engage \u00e0 prendre en charge tous les frais relatifs \u00e0 la\n Sabam ou tout autre organisme assimil\u00e9 et reconnu <\/p>\n\n\n\n<figure class=\"wp-block-image\"><img decoding=\"async\" src=\"https:\/\/sursum-corda.be\/images\/titres\/important.gif\" alt=\"Important\"\/><\/figure>\n\n\n\n<p>Un local valablement verrouill\u00e9 et \u00e9tanche pour l\u2019entreposage du mat\u00e9riel durant la nuit.<\/p>\n\n\n\n<p> Pendant la (les) manifestations(s), l\u2019organisateur fournira au \ngroupe, l\u2019eau plate n\u00e9cessaire, en quantit\u00e9 et qualit\u00e9 suffisante pour \nune bonne prestation&nbsp;; c-\u00e0-d, au minimum une bouteille dun  litre d\u2019eau \npar personne et ce, ind\u00e9pendamment de la rubrique \u00ab&nbsp;<em>restauration sur place&nbsp;\u00bb.<\/em><\/p>\n\n\n\n<p>L\u2019organisateur s\u2019engage \u00e9galement, lors de feux d\u2019artifice, \u00e0 s\u2019assurer de la collaboration du Service R\u00e9gional d\u2019Incendie. <\/p>\n\n\n\n<figure class=\"wp-block-image\"><img decoding=\"async\" src=\"https:\/\/sursum-corda.be\/images\/titres\/ventecd.gif\" alt=\"Vente cd tshirts etc\"\/><\/figure>\n\n\n\n<p>L\u2019organisateur autorise l\u2019Asbl SURSUM CORDA \u00e0 vendre, sur le site, \u00e0 \nproximit\u00e9 de la surface d\u2019\u00e9volution, tout CD, v\u00eatements, cassettes audio\n et vid\u00e9o, gadgets, etc\u2026 au logo de l\u2019Asbl et ce \u00e0 l\u2019unique profit de \ncette derni\u00e8re.<\/p>\n\n\n\n<figure class=\"wp-block-image is-resized\"><img loading=\"lazy\" decoding=\"async\" src=\"https:\/\/sursum-corda.be\/images\/titres\/tarifs.gif\" alt=\"Tarifs\" width=\"77\" height=\"40\"\/><\/figure>\n\n\n\n<p>Ceux-ci sont \u00e9tablis en fonction du temps total de prestation \ndemand\u00e9, du nombre de concerts souhait\u00e9s ainsi que des frais de \nkilom\u00e9trage. <\/p>\n\n\n\n<p>Le prix qui vous sera remis sera toujours en formule \u00ab&nbsp;all inclusive&nbsp;\u00bb, ferme et d\u00e9finitif.<\/p>\n","protected":false},"excerpt":{"rendered":"<p>Pour mieux vous satisfaire lors de votre manifestation, nous vous demandons : Il sera fourni par le client&nbsp;: sauf accord \u00e9crit, une surface de prestation couverte , de 8m x 4m de type podium sur\u00e9lev\u00e9 avec plancher\/rev\u00eatement au sol, stable une surface nette d\u2019environ 12 m x 5 m, \u00e0 c\u00f4t\u00e9 de la surface de &hellip; <\/p>\n<p class=\"link-more\"><a href=\"https:\/\/www.sursum-corda.be\/?page_id=119\" class=\"more-link\">Continuer la lecture<span class=\"screen-reader-text\"> de &laquo;&nbsp;Animation &#038; Contacts&nbsp;&raquo;<\/span><\/a><\/p>\n","protected":false},"author":1,"featured_media":0,"parent":0,"menu_order":0,"comment_status":"closed","ping_status":"closed","template":"","meta":{"ngg_post_thumbnail":0,"_mc_calendar":[],"footnotes":""},"class_list":["post-119","page","type-page","status-publish","hentry"],"_links":{"self":[{"href":"https:\/\/www.sursum-corda.be\/index.php?rest_route=\/wp\/v2\/pages\/119","targetHints":{"allow":["GET"]}}],"collection":[{"href":"https:\/\/www.sursum-corda.be\/index.php?rest_route=\/wp\/v2\/pages"}],"about":[{"href":"https:\/\/www.sursum-corda.be\/index.php?rest_route=\/wp\/v2\/types\/page"}],"author":[{"embeddable":true,"href":"https:\/\/www.sursum-corda.be\/index.php?rest_route=\/wp\/v2\/users\/1"}],"replies":[{"embeddable":true,"href":"https:\/\/www.sursum-corda.be\/index.php?rest_route=%2Fwp%2Fv2%2Fcomments&post=119"}],"version-history":[{"count":2,"href":"https:\/\/www.sursum-corda.be\/index.php?rest_route=\/wp\/v2\/pages\/119\/revisions"}],"predecessor-version":[{"id":122,"href":"https:\/\/www.sursum-corda.be\/index.php?rest_route=\/wp\/v2\/pages\/119\/revisions\/122"}],"wp:attachment":[{"href":"https:\/\/www.sursum-corda.be\/index.php?rest_route=%2Fwp%2Fv2%2Fmedia&parent=119"}],"curies":[{"name":"wp","href":"https:\/\/api.w.org\/{rel}","templated":true}]}}